2 + z) - 3?
2, 7
Let j be 0*((-3)/(-2) - 2). Suppose j = l + y - 2, -l - 4*y + 10 = 4*l. Suppose 2*u = l*x + 32, -3*u - 3*x + 2*x = -68. What are the prime factors of u?
3, 7
Let l = -19 - -13. Let c be 8/6 - l/9. Suppose c*j + 3*r = 2 + 31, -2*r + 6 = 0. List the prime factors of j.
2, 3
Let f(b) = -6*b + 4. Let q(l) = -2*l + 1. Let p(a) = 2*f(a) - 7*q(a). Let v be p(1). Suppose 16 = 2*n - v*h - 10, -5*n + 5*h = -60. List the prime factors of n.
2, 5
Let v be (684/14)/(36/168). Let b = v + -71. What are the prime factors of b?
157
Let l(i) = -16*i**3 - 2*i**2 - i - 1. Let b be l(-2). Let p = -69 + b. Suppose 7*t - 74 = p. List the prime factors of t.
2, 3
Suppose -7*v - 20 = -11*v. Suppose v*z = r - 5*r + 150, -4*z + 109 = r. What are the prime factors of z?
2, 13
Let n be (27/18)/(6/8). Suppose n*a + 0*p - 156 = -5*p, 296 = 4*a + 2*p. What are the prime factors of a?
73
Let w be (2 + (-4 - -1))*-4. Let l(t) = 3*t**3 - 9*t**2 - 3. List the prime factors of l(w).
3, 5
What are the prime factors of 1870 + -2 + 6 + (-5)/(-5)?
3, 5
Suppose 24 - 69 = -g. Let q = -19 + g. Let m = q - 1. List the prime factors of m.
5
What are the prime factors of ((-1)/(-2))/((-12)/(-37872))?
2, 3, 263
Let f(u) = 36*u - 41. List the prime factors of f(23).
787
Let s be (-10 - 1)*2 + -3. Let o = s + 40. List the prime factors of o.
3, 5
Suppose -y - 6788 = -4*w, 12*y = 2*w + 10*y - 3400. List the prime factors of w.
2, 53
Suppose 5*n - 9 = 4*k, -3*k + 9 + 8 = n. Suppose -4*b + 51 = -n*m, -4*m - 56 = b - 5*b. What are the prime factors of b?
19
Suppose -h = -3*h + 3*b + 890, 4*b + 435 = h. What are the prime factors of h?
11, 41
Suppose -6*j + 1858 = -3332. What are the prime factors of j?
5, 173
Let m = 581 + 57. List the prime factors of m.
2, 11, 29
Let r(z) = z**3 + 3*z**2 - 3*z + 4. Let q(w) = -w**3 + w**2. Suppose 0 = 5*a - 1 - 4. Let k(c) = a*q(c) - r(c). What are the prime factors of k(-3)?
23
Let d(h) = -h**3 + 6*h**2 + 10*h + 7. Let k be d(10). Let v = 424 + k. What are the prime factors of v?
131
What are the prime factors of (-82 + (9 - 5))*(-153)/54?
13, 17
Let k(r) = 558*r - 34. What are the prime factors of k(3)?
2, 5, 41
Suppose 0 = 5*v - y - 144, 96 = 4*v + 3*y + y. Let l = 104 + -98. What are the prime factors of (v/l)/(32/48)?
7
Let i be -1*(-4)/6*-36 - -2. Let k = -31 - -55. Let g = i + k. What are the prime factors of g?
2
Let n = 3217 + 2615. What are the prime factors of n?
2, 3
Let d = 3 + 1. Suppose d*v - 3*l + l = 178, -5*v + 2*l = -225. Suppose 0 = -2*k + v + 23. What are the prime factors of k?
5, 7
What are the prime factors of (358/(-2) - 2)/(2 + -3)?
181
Suppose g + 0*g - 24 = -3*x, 5*g = 5*x + 40. What are the prime factors of (-26)/(40/g + -4)?
3, 13
Suppose 86 = k - 3*k. Suppose 139 + 263 = 6*i. Let m = k + i. What are the prime factors of m?
2, 3
Suppose 0 = -46*l + 51 + 2893. List the prime factors of l.
2
What are the prime factors of 1239020/328*-2*(-2)/10?
1511
Suppose 0 = 5*n + 20, 5*g + 22 = -6*n + 3*n. Let j be (22/5)/((-4)/(-10)). List the prime factors of 1*(j/1 - g).
13
Let f = -56 + 142. Let v = f - -79. What are the prime factors of v?
3, 5, 11
Suppose 4*q - 2*q = 10. Suppose 0 = -q*x - 0*x. Suppose -2*f + 3 + 11 = x. What are the prime factors of f?
7
Let u(o) = o + 6. Suppose 3*v - c - 2341 = -572, -5*v + 2952 = 2*c. Let y be (-4)/36 - v/(-45). List the prime factors of u(y).
19
Let r(u) = 95*u - 2. Let m be r(4). Suppose z - 8*z + m = 0. List the prime factors of z.
2, 3
Let v(s) = -2*s + 13. Let d be v(-6). Suppose o - d = 44. List the prime factors of o.
3, 23
Let b = -21 + 20. Let f(k) be the first derivative of -35*k**4/4 - k**3/3 - k**2/2 - 11. List the prime factors of f(b).
5, 7
Let s be 6/(-9) + 2/3. Suppose s = 3*v + 3*h - 125 - 178, -1 = h. List the prime factors of v.
2, 3, 17
Let g(t) = t**2 + 12*t - 20. Let n = -10 - -14. Let o be n/16 - 171/12. What are the prime factors of g(o)?
2
Let l(h) = -10*h + 1. Let z be 8*(-2 + 3/2). List the prime factors of l(z).
41
What are the prime factors of (-938)/(4/((-32)/8))?
2, 7, 67
Suppose l - 2*x = 752, -l - 4*x - 152 + 922 = 0. What are the prime factors of l?
2, 379
Let m be (-7)/4*(5 - 9). Suppose 120 = -2*y + m*y. Suppose -3*o + 41 = r, -3*o + o + y = 4*r. What are the prime factors of o?
2, 7
Let j be 3 + 4/4 - -30. Let f = 65 - j. List the prime factors of f.
31
Let r be 63/18*4/(-7). List the prime factors of (-80)/(-4) - (r + -1).
23
Suppose 4560 = 4*f + 4*d, 4*f - 4*d - 660 - 3908 = 0. What are the prime factors of f?
7, 163
Let y(w) = -3*w - 6. Let u be y(-4). Let d be -5*(u/(-5) + 1). Let h = d - -9. What are the prime factors of h?
2, 5
Let u(l) = 10*l**2 - l + 2. Let m = -13 - -14. What are the prime factors of u(m)?
11
Let x(g) = -3*g - 7. Let h be x(-3). Suppose -2*o + 88 - 14 = -4*k, -127 = -3*o - h*k. Suppose 3*a = 2*a + o. What are the prime factors of a?
41
Let y = 466 + 115. List the prime factors of y.
7, 83
Let h be 100/(-35)*(-7)/2 - -3. Let u = h + 31. What are the prime factors of u?
2, 11
Let n(c) = c**2 - 13*c + 14. Let a be (4/(-6))/((-2)/42). Let p be n(a). Suppose 4*v - p = 56. List the prime factors of v.
3, 7
Suppose 0 = 2*n - j - 5, 3*n = -2*j + 4*j + 7. Suppose 2*k + 14 = n*k - l, -2*k + 4*l + 30 = 0. Suppose -v - k + 18 = 0. List the prime factors of v.
5
Suppose -4*l = -3*l - 19. Let o(h) = -2*h**2 - 2*h. Let f be o(-2). Let p = l + f. What are the prime factors of p?
3, 5
Let r(h) = 3*h**2 - 3*h - 4. Let l = -42 - -38. List the prime factors of r(l).
2, 7
Let w(o) = o - 5. Let k(x) = -x + 4. Let m(a) = 6*k(a) + 5*w(a). Let q be m(3). List the prime factors of 312/16 + (-2)/q.
2, 5
Suppose 5*i + 39 = -3*v + 2*i, -3*v + 5*i + 1 = 0. Let w = v + 25. Let s = 51 + w. What are the prime factors of s?
2, 17
Let g(f) = 2*f**3 - f**2. Let v be g(1). Suppose d - v = 3. Suppose -9 = -d*c + c. List the prime factors of c.
3
Let b(u) = -u + 17. Let i be b(12). Suppose -i*p + 1558 = 243. List the prime factors of p.
263
Suppose -2*b - 5*u = 7, -2*b + 4*u = 3*b + 1. Let d be (-2 - b)*(1 + 0). List the prime factors of 1/(d - 0)*-18.
2, 3
Let c = 154 - -516. List the prime factors of c.
2, 5, 67
Suppose -18*n = -2451 - 3021. Suppose 2*g = -4*o + n, 3*g = o - 6*o + 459. List the prime factors of g.
2, 79
Let j(r) = 2 + 6*r - 6*r**2 + 20*r**2 + 5 - 3*r. Let i be j(-4). List the prime factors of 2*(i/6 - 0).
73
Let z(x) = -33*x - 99. List the prime factors of z(-16).
3, 11, 13
Let y = 2 - 2. Let r = 2 - y. List the prime factors of 8 + 6/(-2) + r.
7
Suppose 6*l - 916 = 1100. List the prime factors of l.
2, 3, 7
Let y = -14 - -26. Let r(o) = -o**3 - o + 1. Let z be r(-3). Let l = z - y. List the prime factors of l.
19
Let w(v) = -11*v - 7. Let r be w(-7). Suppose 19*a - 21*a = r. Let t = -16 - a. List the prime factors of t.
19
Suppose o = 0, 5*v + 0*o = -4*o. Suppose w - 136 = -0*w - 5*b, -3*b = v. Suppose t + w = 3*c - 0*t, 0 = -3*t - 12. What are the prime factors of c?
2, 11
What are the prime factors of 580 - ((-11 - -4) + 11)?
2, 3
Suppose -30*l + 58725 = -15*l. List the prime factors of l.
3, 5, 29
Suppose -144*a = -166*a + 3388. What are the prime factors of a?
2, 7, 11
Let w(m) = 15*m**2 - 11. List the prime factors of w(5).
2, 7, 13
Suppose -8*r + 3800 = -176. What are the prime factors of r?
7, 71
Suppose 0 = y + 4*k - 20, -3*k + 3 - 11 = -5*y. Suppose y*g - 18 = 5*g. Let l = 29 + g. What are the prime factors of l?
11
Suppose 4*v - 4*v = 2*v. Suppose v*t - 257 = -t. What are the prime factors of t?
257
Let w(a) be the second derivative of a**5/20 - a**4/2 + 2*a**2 + a. Suppose 4*d = -0*d + 24. What are the prime factors of w(d)?
2
Let j = 3 - -1. Suppose m + 8 - j = 0. What are the prime factors of m/(-5) - 644/(-20)?
3, 11
Let n = 482 + -57. List the prime factors of n.
5, 17
Let m = -27 + 16. Let z = 15 + m. Suppose -2*q + 0*q + z = 0. What are the prime factors of q?
2
Let m = 46 + -37. Suppose -3*t + 14 + 256 = -5*j, 0 = 3*j + m. List the prime factors of t.
5, 17
Let m(p) = -3*p**3 - 3*p**2 - 3*p - 2. Let y(w) = w**3. Let c(i) = -m(i) - 4*y(i). Let r be c(4). List the prime factors of r/5 - (-141)/15.
3
Let f = 14 + -10. Suppose -36 = -o + f*c, -2*o - c + 18 = -45. Suppose -2*i - 4 = 0, -2*i = -3*l - o + 78. What are the prime